p is divided by 1 + 2 - (1 + -28).
27
Let z(u) = u + 7. Let x be z(9). Let s = 23 - x. Suppose s*k - 12 = 3*k. What is the remainder when 7 is divided by k?
1
Let g(u) = -7*u**3 - u**2 + u - 1. Let m be g(1). Let c(s) = -13*s - 28. Calculate the remainder when c(m) is divided by 13.
11
Let o(s) = -3*s + 27. Let t(x) = -3*x + 2. Let a be t(-1). Calculate the remainder when 35 is divided by o(a).
11
Let u(p) = -172 - p + 78 + 84. What is the remainder when u(-23) is divided by 4?
1
Suppose 2 = t - 1. Suppose -d = t, -2*q + 3*d - 34 = -7. Let w = 38 + q. Calculate the remainder when 38 is divided by w.
18
Let c(a) = a**3 - a**2 - 3*a - 18. What is the remainder when c(5) is divided by 17?
16
Let x(r) be the third derivative of -r**4/24 + 4*r**3/3 + r**2. Let j = -16 - -7. Calculate the remainder when x(j) is divided by 5.
2
Suppose -2 + 10 = -4*w. What is the remainder when ((-72)/(-32))/(21/308) is divided by (w/(-4))/((-4)/(-136))?
16
Let v = 97 - 83. Suppose 15*y = v*y + 41. What is the remainder when y is divided by 11?
8
Let c be 1/((-2 - 1)/(-3)). Suppose 16 = 5*l + c. Suppose 81 = 5*f + q, l*q = 4 - 1. What is the remainder when 29 is divided by f?
13
Suppose 148 = 4*h + 4*l, -3*h = -8*h - l + 173. Suppose -13 = 2*t - 3*t + 5*p, -2*t = 5*p + 34. Let f = 25 + t. What is the remainder when h is divided by f?
16
What is the remainder when (-11)/(77/(-490)) - (0 + -3) is divided by 14?
3
Let q be (3/6)/(2/52). Let l = q + -3. Suppose 118 = 4*x - 3*a, 4*a - 17 = -2*x + 31. Calculate the remainder when x is divided by l.
8
Suppose 10 = -5*b - 5. Calculate the remainder when (21 - 1)*b/(-4) is divided by 6.
3
Let u(v) = v**3 + 13*v**2 + 21*v - 9. Let i be u(-11). Let o(f) = 84*f + 10. Calculate the remainder when o(i) is divided by 45.
43
Suppose 7*b = -11*b + 648. What is the remainder when 48 is divided by b?
12
Suppose 3*c - 15 = -6. Suppose -c = 5*w - 13. Suppose -w*k = -0*k - 40. What is the remainder when 57 is divided by k?
17
Suppose -z + 3*z = 4. Suppose 2*m + z*m - 80 = 0. Suppose d - 14 = m. What is the remainder when d is divided by 9?
7
Suppose -2*y = 4*m - 172, 4*m - 6*m + 78 = 5*y. Calculate the remainder when m is divided by 37.
7
Calculate the remainder when ((-1219)/(-46))/(1/6) is divided by 43.
30
Let w be ((-6)/4)/((-1)/2). Suppose -2*s - 2*s - w*c = -6, 0 = -2*s - 5*c - 4. Suppose 0 = 3*l + s - 63. What is the remainder when 58 is divided by l?
18
Suppose 3*y = -0*y - 18. Let t(i) = -i**2 - 8*i - 7. Let c be t(y). Suppose 0 = -f - 0*f - c, -4*f = d - 20. What is the remainder when d is divided by 14?
12
Let i = -868 - -1066. What is the remainder when i is divided by 20?
18
Let j(o) = 4*o - 1. What is the remainder when (-4)/16*-2*54 is divided by j(2)?
6
Suppose 2*i = 5*w - 25, -16 - 4 = -4*w + 4*i. Suppose -2*p - 11 + 139 = 0. Suppose -w*q + p = -4*q. Calculate the remainder when q is divided by 17.
13
What is the remainder when 4/28 + ((-566)/(-7) - -1) is divided by 31?
20
Let w = -10 - -36. Calculate the remainder when (-27)/(351/(-52)) + (-55)/(-1) is divided by w.
7
Suppose -k = -9*k + 4176. Suppose -5*r + 8*r - k = 0. Calculate the remainder when r is divided by 16.
14
Suppose -r = -4*y - 0*r + 217, 2*y + 2*r - 96 = 0. Suppose j + u = 8, -5*j + 15 = 4*u - 26. Calculate the remainder when y is divided by j.
8
Let v be 0*((-26)/(-8) - 3). Suppose v = 8*t - 10*t + 18. Calculate the remainder when 26 is divided by t.
8
What is the remainder when 114 is divided by (-910)/78*(-27)/3?
9
Let s = 124 + -50. Calculate the remainder when s is divided by 5.
4
Let p = 466 - 86. Suppose 0*j + 616 = 5*m - j, 0 = 3*m + 2*j - p. Calculate the remainder when m is divided by 32.
28
Suppose 44 = 2*g - 50. Calculate the remainder when g is divided by 29.
18
Let f(x) = 4*x**2 + 6*x - 13. Suppose -3*b - 40 = 2*b + 3*c, 0 = -3*b + 3*c. Calculate the remainder when 341 is divided by f(b).
56
Let v(h) = -32*h + 63. What is the remainder when v(-4) is divided by 4?
3
Suppose 7 = p - 0*p. Suppose 2*l - 246 = -2*b, -2*l + b + 123 = -l. Let k = l + -83. What is the remainder when k is divided by p?
5
Let z = -29 - -5. Let q = z + 24. Suppose v + 3*v - 4*p - 16 = q, 8 = 3*v - p. What is the remainder when 5 is divided by v?
1
Let c(o) = o**3 + 12*o**2 - 27*o + 27. Suppose -4 = r + 10. Calculate the remainder when 25 is divided by c(r).
12
Let t(l) = 0*l**2 - 3*l + 6*l**2 - 4*l**2 - l**2 - 9. Suppose -2*f = -5*f + 75. Calculate the remainder when f is divided by t(6).
7
Let d(w) = -w**3 - w**2 + 5*w + 88. Calculate the remainder when 173 is divided by d(0).
85
Let p(y) = y**2 - 22*y + 24. Calculate the remainder when p(27) is divided by 63.
33
Let d = 18 - 18. Suppose 6 = 3*h - d. Let s(v) = -v**3 + 5*v**2 - 3*v - 4. What is the remainder when h is divided by s(2)?
0
Suppose -7*c - 264 = -859. Calculate the remainder when c is divided by 15.
10
Suppose 2*g + 178 = 3*w - w, 0 = -2*w - 5*g + 157. What is the remainder when w is divided by 22?
20
Let t(q) = -5*q + 9. Let d(s) = -4*s + 5. Let f = -11 - -7. Calculate the remainder when t(-6) is divided by d(f).
18
Let t = -242 - -345. Calculate the remainder when t is divided by 32.
7
Suppose 0*f + w - 595 = -5*f, -3*f = 4*w - 357. Calculate the remainder when f is divided by 28.
7
Suppose -3*d + 1 = -2. Let f(q) = 29*q**2 - q + 1. What is the remainder when f(d) is divided by 15?
14
Suppose 4*h + 52 = 2*i, -2*i + 4*i - 20 = -4*h. Calculate the remainder when 1078 is divided by i.
16
Let t = 173 - 96. Calculate the remainder when 1383 is divided by t.
74
Let t(q) = 31*q. Let a = 15 + 0. Let y = 31 - a. What is the remainder when t(1) is divided by y?
15
Suppose -2 = -k - 20*g + 19*g, 4*k + 3*g = 11. Calculate the remainder when ((-1)/2)/((-2)/56) is divided by k.
4
Let d be (2 - 0)*(-2)/(-1). Suppose d*j - 32 = -8. Suppose -15 = -5*o, 5*p + j*o - 2*o = 147. What is the remainder when 107 is divided by p?
26
Suppose 5*j - 3*j = -4*b + 12, -3*b + 13 = 2*j. Let f = -6 + j. What is the remainder when -3*(1 - 0)*-1 is divided by f?
1
Let k = -9 - -19. What is the remainder when (94/k - 3)*5 is divided by 121/7 - 56/196?
15
Let y = 23911 + -23904. Calculate the remainder when ((-92)/(-10))/(1/5) is divided by y.
4
Calculate the remainder when (-70)/(-6)*(-144)/(-20) is divided by 7.
0
Let p = 97 + -16. Calculate the remainder when p is divided by 29.
23
Suppose -4*b - 4*l + 3*l + 17854 = 0, 5*l + 17842 = 4*b. Calculate the remainder when b is divided by 77.
74
Suppose 2*p = 6, 4*t + p - 363 = 316. Calculate the remainder when t is divided by 57.
55
Suppose -3*j = 4*x - 116, 125 = 5*j - 2*j - 5*x. Calculate the remainder when 97 is divided by j.
17
Suppose 87*x - 83*x = 0. Suppose -8*b = -x*b - 96. What is the remainder when 35 is divided by b?
11
Suppose 0 = c, 4*n = -c - 3*c - 20. Calculate the remainder when (9/n)/(3/(-20)) is divided by 2.
0
Let t be (7 - 3) + -6 + 2. Suppose d + 2*g + 33 = t, 5*g = -d + 2*d + 12. Let l = -16 - d. What is the remainder when 30 is divided by l?
8
Suppose 6*o + 67 = 5*t, 3*o + 1 = t - 7. Calculate the remainder when 898 is divided by t.
14
Let n = 93 - 56. Suppose n + 9 = b. Calculate the remainder when b is divided by 12.
10
Let x(o) be the second derivative of o**4/12 + o**3 + 7*o**2/2 - o. Let z be 4/(-32)*-28*-2. Calculate the remainder when 39 is divided by x(z).
11
Suppose 0 = -b + 290 - 204. Suppose 2*v - 3*i - 15 = 17, 3*i - 100 = -4*v. Calculate the remainder when b is divided by v.
20
Suppose 0 = -4*b + 12*b - 16. Suppose 3*h - 48 = -3*t, -b*t + 4*h + 32 = 3*h. What is the remainder when 31 is divided by t?
15
Let k = -112 - -232. Suppose 4*l + l - k = 0. Let x(w) = w**2 - 239*w + 722. What is the remainder when l is divided by x(3)?
10
Let u(o) = 9*o**3 - 4*o**2 + 8*o - 8. Calculate the remainder when u(2) is divided by 27.
10
Suppose -4*f - 29 = -85. What is the remainder when 31 is divided by f - (10/(-2) - -3)?
15
What is the remainder when -1*(4 - 1) - -103 is divided by 21?
16
Suppose -7 = -y - 6. Let m = y - -28. Suppose 2*c - m = -4*g + 21, 100 = 4*c + 2*g. Calculate the remainder when 98 is divided by c.
23
Suppose 162 = 10*r - r. Suppose 30 = -3*v - 0. Let c = r + v. What is the remainder when 31 is divided by c?
7
What is the remainder when 172 is d